+ 4 - (-1 + m)?
3, 5
Let d(n) = n**3 - n**2 + n + 1. Let s(x) = -4*x**3 - 4*x**2 - 3*x - 7. Let i(a) = -3*d(a) - s(a). List the prime factors of i(-7).
2
Suppose 3*b = 4*v + 263, -4*v = -0*b + b - 61. What are the prime factors of b?
3
Suppose 3*j + 8 = 2*s + j, j - 16 = -3*s. Suppose s*g + 2*n = 87 - 22, 5 = -n. What are the prime factors of g?
3, 5
Suppose -g = g - 22. Let k = g + -1. List the prime factors of k.
2, 5
Suppose -4*t + 319 = 67. List the prime factors of t.
3, 7
Let i(k) = -k**2 + 23*k - 38. What are the prime factors of i(18)?
2, 13
Let t(m) = 2*m**2 - 4*m + 2. Let k be t(3). Suppose 5*v = v - z + 28, -4*z = -4*v + k. What are the prime factors of v?
2, 3
Let k(z) = -2*z**3 - 10*z**2 + 15*z - 4. List the prime factors of k(-8).
2, 5, 13
What are the prime factors of (0 + 24)*4/6?
2
Suppose 2*i - 6*i = -24. Let z(x) be the first derivative of 3*x**2/2 - 2*x - 2. List the prime factors of z(i).
2
Let k be (-425)/(-30) - 2/12. List the prime factors of 28*(k/(-4))/(-7).
2, 7
Suppose -c = 5*h - 48, 3*h + h = 2*c - 166. List the prime factors of c.
73
Let g be (0 - 0 - 0)/(-2). Suppose g = x - 0 + 4, 0 = -5*a + 2*x + 93. What are the prime factors of a?
17
Let p(s) = -7*s + 3. Let t(g) = 1. Let y(q) = 8*q. Let o(a) = -4*t(a) + y(a). Let b(f) = 4*o(f) + 5*p(f). List the prime factors of b(-3).
2
Suppose -1 = 4*f + 11. Let a = 5 + f. What are the prime factors of a?
2
Let c(q) = q**3 + 4*q**2 - 5*q + 4. Let x be c(-5). Let m(u) = u**2 - 5*u + 6. Let h be m(x). Let f(i) = 7*i - 2. List the prime factors of f(h).
2, 3
Let a(f) = -f**3 - 3*f**2 - f - 2. Let t be a(-2). Let z(x) = x**3 + 5*x**2 + 2*x - 2. Let j be z(t). What are the prime factors of 1 - 1/((-3)/j)?
3
Let o(r) = -3*r - 2. Suppose 0 = -3*j + d - 5, -2*d + 0*d - 2 = 0. Let p be o(j). List the prime factors of 25/3 - p/12.
2
What are the prime factors of 1840/14 - 66/154?
131
Let u(j) = 3*j + 2. Let s be u(5). Let c = s - -1. List the prime factors of c.
2, 3
List the prime factors of (-6)/21 - (-1122)/7.
2, 5
Let k(s) = -s**2 - 8*s + 9. List the prime factors of k(-8).
3
Suppose -5*l = l - 12. List the prime factors of l.
2
Suppose -5*m - 21 + 126 = 0. Let d be ((-2)/6)/((-1)/m). Suppose 3*n - d*n = -36. List the prime factors of n.
3
Let k be (3/(-2))/((-12)/128). Suppose 4*w + 20 = 0, f + f - 2*w = k. Let d = -1 + f. What are the prime factors of d?
2
Suppose 0 = 4*f + 8, w - 2*f - 13 = -2*w. Suppose -11 - 1 = -w*k. List the prime factors of k.
2
Let f(j) be the second derivative of 7*j**5/4 - j**4/6 + j**3/2 - j**2/2 - 6*j. List the prime factors of f(1).
5, 7
Let c = -9 - 7. Let t = c + 41. What are the prime factors of t?
5
Let d(g) = -g**2 - 9*g - 10. Suppose 7 = 8*t - 9*t. What are the prime factors of d(t)?
2
Suppose 3*p - 60 = 318. Suppose -p = -4*d + d. List the prime factors of d.
2, 3, 7
Let w(y) be the second derivative of y**4/3 - 2*y. What are the prime factors of w(2)?
2
Let w = 68 - -200. What are the prime factors of w?
2, 67
Let u be 2 + 2 + -4 - -3. Suppose -2*i + u*r + 45 = 0, 5 = -4*i + 3*r + 92. What are the prime factors of i?
3, 7
Suppose -2*v - 20 = -6*v. Suppose -v*p - 4*q - 5 = 0, -4*p + 10 + 12 = -2*q. List the prime factors of p.
3
Let r = -4 - -45. What are the prime factors of r?
41
Suppose 4*d + 152 = 8*d. Let o = -26 + d. Suppose -5*m + 3*m = -o. List the prime factors of m.
2, 3
Let m = 64 + -34. Suppose 0 = -5*i + m. Let j = i - 4. What are the prime factors of j?
2
Suppose 5 = j + 3. Suppose j*k + 50 = 5*s + 6, 0 = -5*k - s - 110. Let d = 36 + k. List the prime factors of d.
2, 7
Let a(h) = -h**3 + 8*h**2 - 6*h - 3. Let l be a(7). Suppose 3*f = l*f - 34. List the prime factors of f.
2, 17
Let z be 0/7 + (-1 - -40). Let i = -23 + z. List the prime factors of i.
2
List the prime factors of 117/(-26)*(-218)/3.
3, 109
Let h(g) = 148*g - 1. Suppose 3*s = 2*p + 1, 4*s = -2*p + 5 + 1. Let q be h(p). List the prime factors of q/14 + (-1)/(-2).
11
Let j = 13 + -14. What are the prime factors of j + 1 + 3 + 32?
5, 7
Let y(j) = 8*j - j**2 - 1 - 8 + 1 + 0*j**2. Suppose d - 6*c + 14 = -c, -4*c + 22 = d. List the prime factors of y(d).
2
Let b(g) = -g**2 + 9*g - 8. Let t be b(8). Suppose 0 = -t*d + d + 5*n + 6, -4*d + 10 = 3*n. What are the prime factors of d?
2
Let d(a) = 10*a + 2. Let n be d(2). Let o = n - 36. Let x = o - -20. What are the prime factors of x?
2, 3
Let j = -4 - -6. Suppose -5*s + 8 = -2*f, j*f + 2 = 2*s - 0. Suppose u + f = 6. What are the prime factors of u?
5
Suppose 5*k = -94 + 289. List the prime factors of k.
3, 13
Suppose 3*k - k = 4*f - 38, -5*f - k = -37. Suppose -f - 2 = -5*x. Suppose x*s + 21 = 5*s. List the prime factors of s.
7
Suppose -4*o + 25 = 5*j, -5 = 4*o - o - j. Suppose o*q + 3*q - 6 = 0. What are the prime factors of q?
2
Suppose 2*h - 340 = -0*h. List the prime factors of h.
2, 5, 17
Suppose -7*c + 228 = -3*c. What are the prime factors of c?
3, 19
Suppose y - 3 = 3*q, q - y = 2*y - 9. Suppose q = -h - 0*h + 4. What are the prime factors of h?
2
Suppose 3*q = -m + 195, -5*m - 242 + 1 = -4*q. Suppose -4*c = -f + 24 - 3, -4*f = 3*c - 8. Suppose 11 = f*i - q. What are the prime factors of i?
3, 5
Suppose -5*g + 3 = -7. Suppose 0 = g*j - 9 - 1. Suppose -j*v = -n - 5 - 0, 21 = 3*n + 3*v. What are the prime factors of n?
5
Let p = 2 + 4. Let s = p - -3. What are the prime factors of s?
3
Let j = -20 - -28. List the prime factors of j.
2
Let i(m) = -9 - 9 + 0 + 5 + 3*m. What are the prime factors of i(9)?
2, 7
Suppose -2*z + 168 + 50 = 2*l, 2*z - l - 212 = 0. What are the prime factors of z?
107
Let z(t) = -5*t - 5. Let a be z(-4). Suppose a = -w + 4*w. What are the prime factors of w?
5
Let y = 17 - 12. Suppose -y*s + 0*c + 3*c = -52, -2*s + 19 = -3*c. List the prime factors of s.
11
Let v(g) = g + 1. Let z(b) = b - 4. Let m be z(6). Let w(r) = 3*r - 1. Let a(i) = m*v(i) - w(i). List the prime factors of a(-3).
2, 3
Suppose 5*b = -0*b + 180. What are the prime factors of b?
2, 3
What are the prime factors of 1281/42 + 6/(-4)?
29
Let y(t) be the second derivative of -4*t**3/3 - t**2 + t. Let f be y(-2). Let h = -6 + f. What are the prime factors of h?
2
Let v = -2 - -23. List the prime factors of v.
3, 7
Suppose -4*o - o = -20. What are the prime factors of o?
2
Let j(h) = h**3 + 6*h**2 - 8*h + 5. Let n be j(-7). Suppose 5*w = 2*w + n. List the prime factors of (2/w - 1)*-18.
3
Let d = -22 + 53. List the prime factors of d.
31
Let q(g) = 12*g. Let d(m) = -m**2 + 4*m + 6. Let u(n) = -2*n - 9. Let z be u(-7). Let x be d(z). What are the prime factors of q(x)?
2, 3
Let g be 8/(-12) - 384/(-9). Suppose g + 58 = 5*c. What are the prime factors of c?
2, 5
Let c be (-5 - 0)/((-1)/(-1)). Let h = c - -9. List the prime factors of h.
2
Suppose 13*a - 159 - 1856 = 0. What are the prime factors of a?
5, 31
List the prime factors of (1/(-2))/(3/(-156)).
2, 13
Suppose 3*h - 56 = 2*h. Suppose 5*u - h - 29 = 0. What are the prime factors of u?
17
Let t(m) = m**3 - 3*m**2 - 3*m - 4. Let s be t(4). Suppose -10 - 14 = -3*k + 2*g, 2*k - g - 16 = s. List the prime factors of k.
2
Suppose 3*i = -2*i + 10. List the prime factors of (-5 + i)*16/(-6).
2
Suppose -g + 196 = 4*x - 244, 525 = 5*x - 5*g. What are the prime factors of x?
109
List the prime factors of -13*(-11 + -6) + (3 - 1).
223
Suppose -4*i + 7*i = 111. What are the prime factors of i?
37
Let g be ((-44)/(-6))/(2/3). Suppose -3*x + 7*x + 8 = 0. Let i = g - x. List the prime factors of i.
13
Let j be -3 + -760 - 2/1. What are the prime factors of 1/(-3) - j/27?
2, 7
Let s = 596 + -230. What are the prime factors of s?
2, 3, 61
Let a(k) = -k**2 + k. Let l(m) = m - 1. Let p be l(-6). Let u be a(p). List the prime factors of ((-12)/(-8))/((-6)/u).
2, 7
Suppose 0 = 2*m + 2*h + 16, 3*h - 2 = 2*m + 4. Let z(k) = k - 1. Let l be z(m). Let y = 12 + l. What are the prime factors of y?
5
Let t(a) = -a + 6. Let b be t(5). Let p be b/(-2) - 145/(-10). Suppose 3*u - 4*l + p = 0, l - 1 + 2 = 3*u. List the prime factors of u.
2
List the prime factors of ((-5)/(-2))/(17/884).
2, 5, 13
Let v = 0 - -8. Let q(z) = z**3 - 9*z**2 + 12*z - 8. List the prime factors of q(v).
2, 3
Let g be 2/((-18)/(-14) - 1). Let s(l) be the first derivative of l**3/3 - 5*l**2/2 - 2*l + 8. What are the prime factor